de 550512?
True
Is 3236990 a multiple of 29?
False
Does 45 divide 11979495?
True
Is 12586 a multiple of 22?
False
Is 102882 a multiple of 6?
True
Is 9 a factor of 165420?
True
Is 70422 a multiple of 363?
True
Is 250926 a multiple of 6?
True
Is 403585 a multiple of 373?
False
Is 882863 a multiple of 138?
False
Is 915820 a multiple of 290?
True
Is 3439 a multiple of 4?
False
Does 3 divide 551179?
False
Is 133265 a multiple of 40?
False
Is 22 a factor of 212419?
False
Is 3846264 a multiple of 516?
True
Is 239 a factor of 74090?
True
Is 39860 a multiple of 20?
True
Does 41 divide 817909?
True
Does 14 divide 15637?
False
Does 878 divide 992140?
True
Is 6 a factor of 15687?
False
Is 94692 a multiple of 26?
True
Does 107 divide 1063794?
True
Is 4 a factor of 14696?
True
Is 879758 a multiple of 150?
False
Is 16 a factor of 268128?
True
Does 286 divide 458172?
True
Is 1205849 a multiple of 967?
True
Is 148 a factor of 47656?
True
Is 407 a factor of 178673?
True
Does 237 divide 272699?
False
Does 92 divide 766883?
False
Does 12 divide 331288?
False
Does 51 divide 3616269?
False
Does 171 divide 552330?
True
Does 5 divide 15640?
True
Is 775 a factor of 14643625?
True
Is 11601189 a multiple of 11?
False
Is 65556 a multiple of 4?
True
Is 4376721 a multiple of 27?
False
Is 395225 a multiple of 18?
False
Does 133 divide 158669?
True
Does 401 divide 11567072?
False
Does 15 divide 3326?
False
Is 394482 a multiple of 6?
True
Is 21 a factor of 5946?
False
Does 63 divide 105777?
True
Does 34 divide 252212?
True
Is 27810 a multiple of 110?
False
Does 319 divide 209939?
False
Does 550 divide 782227?
False
Does 370 divide 51933?
False
Is 44 a factor of 197034?
False
Is 2221168 a multiple of 819?
False
Is 212 a factor of 292560?
True
Is 2 a factor of 30818?
True
Is 27065 a multiple of 862?
False
Is 5707790 a multiple of 19?
True
Is 26 a factor of 3434417?
False
Is 111 a factor of 1994448?
True
Is 8998164 a multiple of 1764?
True
Does 62 divide 334190?
False
Is 6807476 a multiple of 533?
True
Is 333 a factor of 590284?
False
Is 78 a factor of 3494710?
False
Does 15 divide 9942720?
True
Is 128448 a multiple of 84?
False
Is 16745487 a multiple of 33?
True
Is 2514536 a multiple of 1349?
True
Does 303 divide 171498?
True
Does 13 divide 175012?
False
Is 290790 a multiple of 18?
True
Does 10 divide 13480?
True
Is 571761 a multiple of 32?
False
Does 188 divide 322151?
False
Is 5474525 a multiple of 287?
True
Does 290 divide 267153?
False
Is 730044 a multiple of 18?
True
Is 89680 a multiple of 151?
False
Is 38141678 a multiple of 15?
False
Is 131 a factor of 637991?
False
Is 893470 a multiple of 47?
True
Is 417 a factor of 914064?
True
Is 383394 a multiple of 37?
True
Does 66 divide 4837074?
True
Is 186187 a multiple of 3?
False
Is 33 a factor of 3872979?
True
Is 573 a factor of 283496?
False
Is 11915241 a multiple of 39?
True
Does 40 divide 54840?
True
Is 74666 a multiple of 8?
False
Is 11656574 a multiple of 26?
False
Is 8 a factor of 17870?
False
Is 87864 a multiple of 24?
True
Does 53 divide 529718?
False
Is 17391 a multiple of 5?
False
Is 585 a factor of 2821848?
False
Is 66 a factor of 740431?
False
Is 482776 a multiple of 45?
False
Is 19420190 a multiple of 15?
False
Does 159 divide 622803?
True
Does 163 divide 157132?
True
Is 113 a factor of 4829733?
True
Does 41 divide 277777?
False
Is 8531120 a multiple of 260?
True
Is 19 a factor of 1147429?
True
Is 31 a factor of 183086?
True
Is 257529 a multiple of 23?
False
Is 23286 a multiple of 2?
True
Is 6 a factor of 12666?
True
Is 264 a factor of 4770412?
False
Is 754 a factor of 17760470?
True
Is 95 a factor of 3240683?
False
Is 245712 a multiple of 24?
True
Is 206 a factor of 1770163?
False
Does 352 divide 1116192?
True
Is 123 a factor of 32588?
False
Is 248 a factor of 5964896?
True
Does 49 divide 13665904?
True
Does 67 divide 2439872?
True
Is 73 a factor of 302658?
True
Does 656 divide 6267268?
False
Is 286 a factor of 659680?
False
Is 618948 a multiple of 66?
True
Does 28 divide 28?
True
Does 36 divide 228769?
False
Is 145697 a multiple of 17?
False
Does 212 divide 466708?
False
Does 41 divide 28324?
False
Does 50 divide 673436?
False
Does 24 divide 3542400?
True
Is 148 a factor of 11871?
False
Is 4767 a multiple of 24?
False
Is 8 a factor of 241592?
True
Is 2 a factor of 225316?
True
Does 59 divide 78673?
False
Does 29 divide 2039773?
True
Is 274 a factor of 1253673?
False
Does 14 divide 13092044?
True
Does 448 divide 300353?
False
Is 613 a factor of 3920135?
True
Does 28 divide 8707988?
False
Does 4 divide 52052?
True
Is 98 a factor of 793009?
False
Does 174 divide 100684?
False
Does 57 divide 139182?
False
Does 39 divide 209937?
True
Is 1147575 a multiple of 715?
True
Is 742188 a multiple of 127?
True
Does 69 divide 143760?
False
Is 104597 a multiple of 94?
False
Is 54 a factor of 2835816?
False
Does 79 divide 5263612?
True
Is 28 a factor of 281390?
False
Is 5 a factor of 480976?
False
Is 164 a factor of 3321687?
False
Does 586 divide 986238?
True
Is 1612264 a multiple of 6?
False
Does 19 divide 152175?
False
Does 17 divide 631176?
True
Is 405 a factor of 9451485?
True
Is 13 a factor of 1409254?
False
Is 6847 a multiple of 41?
True
Does 56 divide 4880160?
False
Is 228 a factor of 1356372?
True
Is 7 a factor of 1222375?
True
Does 56 divide 7174888?
True
Is 95109 a multiple of 324?
False
Is 617 a factor of 132655?
True
Is 105139 a multiple of 21?
False
Is 693 a multiple of 77?
True
Does 35 divide 328242?
False
Is 976 a factor of 9682951?
False
Does 27 divide 5006317?
False
Does 384 divide 292272?
False
Is 80 a factor of 23520?
True
Is 861168 a multiple of 56?
True
Is 43749 a multiple of 80?
False
Is 52 a factor of 119307?
False
Is 14 a factor of 222224?
False
Is 23 a factor of 461863?
True
Is 3758516 a multiple of 116?
True
Is 28 a factor of 15250?
False
Is 346672 a multiple of 376?
True
Does 23 divide 636479?
True
Does 2 divide 18545?
False
Is 74646 a multiple of 58?
True
Is 5350848 a multiple of 6?
True
Does 31 divide 64759?
True
Does 50 divide 935700?
True
Does 3 divide 8479439?
False
Is 55550 a multiple of 505?
True
Is 25158 a multiple of 153?
False
Does 8 divide 459304?
True
Does 185 divide 7487851?
False
Is 3556062 a multiple of 81?
True
Is 92225 a multiple of 25?
True
Is 1313152 a multiple of 16?
True
Does 218 divide 83118?
False
Is 19308159 a multiple of 39?
True
Does 343 divide 3255416?
False
Does 737 divide 915849?
False
Does 72 divide 64728?
True
Is 208029 a multiple of 285?
False
Does 147 divide 153291?
False
Is 140698 a multiple of 18?
False
Is 9779207 a multiple of 773?
False
Does 55 divide 447315?
True
Is 110 a factor of 5170?
True
Does 4 divide 95996?
True
Is 171129 a multiple of 3?
True
Does 147 divide 60239?
False
Is 6288 even?
True
Does 8 divide 12232?
True
Is 496688 a multiple of 16?
True
Is 18714360 a multiple of 24?
True
Does 17 divide 343248?
False
Is 20333377 a multiple of 41?
False
Is 1136394 a multiple of 933?
True
Is 10 a factor of 863872?
False
Does 13 divide 815366?
False
Is 152772 a multiple of 174?
True
Does 16 divide 13159296?
True
Is 6480803 a multiple of 157?
True
Is 2 a factor of 2206?
True
Is 726 a factor of 3844170?
True
Is 734834 a multiple of 20?
False
Does 273 divide 16220?
False
Is 55 a factor of 4207555?
True
Is 112023 a multiple of 2?
False
Is 94 a factor of 11976?
False
Does 35 divide 145425?
True
Is 655730 a multiple of 20?
False
Does 11 divide 2752090?
True
Does 103 divide 144392?
False
Is 150 a factor of 7639480?
False
Is 8771123 a multiple of 7?
False
Is 2130165 a multiple of 673?
False
Is 3390361 a multiple of 493?
True
Is 4 a factor of 34536?
True
Is 124934 a multiple of 26?
False
Is 1266276 a multiple of 6?
True
Does 18 divide 266436?
True
Does 595 divide 4760?
True
Is 79 a factor of 1456980?
False
Is 190580 a multiple of 13?
True
Is 113 a factor of 3249541?
True
Is 6 a factor of 1050?
True
Is 263783 a multiple of 45?
False
Does 15 divide 814095?
True
Is 3677562 a multiple of 39?
False
Is 69 a factor of 184657?
False
Is 259824 a multiple of 173?
False
Does 181 divide 1562573?
True
Is 78 a factor of 1056229?
False
Is 79 a factor of 1116758?
False
Is 741 a factor of 134121?
True
Is 116565 a multiple of 19?
True
Does 3 divide 732855?
True
Is 153316 a multiple of 2?
T